y 153.
141
Calculate the remainder when 45113 is divided by 22547.
19
What is the remainder when 7696 is divided by 37?
0
What is the remainder when 103628 is divided by 68?
64
Calculate the remainder when 126390 is divided by 148.
146
Calculate the remainder when 15476 is divided by 38.
10
Calculate the remainder when 4960 is divided by 139.
95
What is the remainder when 23644 is divided by 100?
44
Calculate the remainder when 4955 is divided by 1209.
119
Calculate the remainder when 5582 is divided by 553.
52
Calculate the remainder when 2030 is divided by 191.
120
Calculate the remainder when 34290 is divided by 4280.
50
What is the remainder when 80379 is divided by 724?
15
What is the remainder when 4642 is divided by 54?
52
Calculate the remainder when 25762 is divided by 118.
38
Calculate the remainder when 567 is divided by 157.
96
What is the remainder when 26694 is divided by 5338?
4
What is the remainder when 63505 is divided by 7933?
41
What is the remainder when 180192 is divided by 211?
209
What is the remainder when 7084 is divided by 1525?
984
Calculate the remainder when 1815 is divided by 145.
75
What is the remainder when 186 is divided by 181?
5
Calculate the remainder when 15997 is divided by 24.
13
Calculate the remainder when 27630 is divided by 147.
141
What is the remainder when 21068 is divided by 260?
8
Calculate the remainder when 37474 is divided by 1249.
4
What is the remainder when 1407 is divided by 33?
21
Calculate the remainder when 12169 is divided by 12164.
5
What is the remainder when 150145 is divided by 26?
21
Calculate the remainder when 5790 is divided by 5778.
12
What is the remainder when 2434492 is divided by 32?
28
What is the remainder when 11149374 is divided by 1148?
1146
Calculate the remainder when 62908 is divided by 30.
28
Calculate the remainder when 25311 is divided by 124.
15
Calculate the remainder when 46601 is divided by 9319.
6
Calculate the remainder when 2364 is divided by 213.
21
Calculate the remainder when 16110 is divided by 224.
206
Calculate the remainder when 693483 is divided by 177.
174
What is the remainder when 798870 is divided by 72?
30
What is the remainder when 137239 is divided by 190?
59
What is the remainder when 3090 is divided by 34?
30
What is the remainder when 4314 is divided by 275?
189
What is the remainder when 2043 is divided by 15?
3
What is the remainder when 108535 is divided by 952?
7
Calculate the remainder when 53882 is divided by 898.
2
What is the remainder when 7899 is divided by 50?
49
Calculate the remainder when 6431 is divided by 536.
535
Calculate the remainder when 2240 is divided by 21.
14
Calculate the remainder when 113723 is divided by 95.
8
Calculate the remainder when 1598 is divided by 25.
23
What is the remainder when 8573 is divided by 38?
23
Calculate the remainder when 1839 is divided by 304.
15
Calculate the remainder when 5155 is divided by 2470.
215
Calculate the remainder when 10619 is divided by 115.
39
What is the remainder when 136800 is divided by 146?
144
What is the remainder when 29113 is divided by 29103?
10
What is the remainder when 2760 is divided by 61?
15
Calculate the remainder when 5152 is divided by 514.
12
Calculate the remainder when 64046 is divided by 24.
14
Calculate the remainder when 19836 is divided by 109.
107
What is the remainder when 9563 is divided by 437?
386
What is the remainder when 89959 is divided by 16?
7
Calculate the remainder when 13320 is divided by 493.
9
What is the remainder when 2099 is divided by 139?
14
What is the remainder when 8477 is divided by 314?
313
Calculate the remainder when 336398 is divided by 67.
58
Calculate the remainder when 7730 is divided by 512.
50
What is the remainder when 54458 is divided by 767?
1
What is the remainder when 338511 is divided by 84627?
3
Calculate the remainder when 17648 is divided by 769.
730
Calculate the remainder when 58642 is divided by 1011.
4
What is the remainder when 901158 is divided by 40?
38
Calculate the remainder when 11567 is divided by 211.
173
Calculate the remainder when 8803 is divided by 520.
483
Calculate the remainder when 973 is divided by 89.
83
What is the remainder when 2042 is divided by 811?
420
Calculate the remainder when 73203 is divided by 9150.
3
Calculate the remainder when 19619 is divided by 9475.
669
What is the remainder when 258237 is divided by 4695?
12
What is the remainder when 533 is divided by 173?
14
What is the remainder when 14168 is divided by 225?
218
Calculate the remainder when 36548 is divided by 39.
5
What is the remainder when 25917 is divided by 80?
77
Calculate the remainder when 21177 is divided by 331.
324
Calculate the remainder when 15300 is divided by 159.
36
Calculate the remainder when 7451 is divided by 704.
411
Calculate the remainder when 22739 is divided by 2628.
1715
What is the remainder when 39666 is divided by 522?
516
What is the remainder when 12771 is divided by 605?
66
What is the remainder when 3599 is divided by 107?
68
Calculate the remainder when 3033336 is divided by 14.
12
What is the remainder when 154194 is divided by 50?
44
Calculate the remainder when 2004088 is divided by 17.
9
Calculate the remainder when 9517 is divided by 594.
13
Calculate the remainder when 11758 is divided by 3917.
7
What is the remainder when 339 is divided by 13?
1
Calculate the remainder when 1687 is divided by 70.
7
Calculate the remainder when 791 is divided by 8.
7
Calculate the remainder when 93419 is divided by 270.
269
Calculate the remainder when 6263 is divided by 885.
68
Calculate the remainder when 235047 is divided by 89.
87
Calculate the remainder when 304996 is divided by 108.
4
Calculate the remainder when 3171 is divided by 187.
179
What is the remainder when 349765 is divided by 9?
7
What is the remainder when 887 is divided by 408?
71
Calculate the remainder when 36374 is divided by 11.
8
Calculate the remainder when 1222 is divided by 12.
10
What is the remainder when 13420 is divided by 792?
748
Calculate the remainder when 9945 is divided by 14.
5
Calculate the remainder when 2062 is divided by 643.
133
Calculate the remainder when 41113 is divided by 19.
16
Calculate the remainder when 53945 is divided by 5993.
8
What is the remainder when 30489 is divided by 66?
63
What is the remainder when 7385 is divided by 157?
6
What is the remainder when 10227 is divided by 1457?
28
What is the remainder when 9579 is divided by 37?
33
Calculate the remainder when 7867 is divided by 3588.
691
What is the remainder when 287277 is divided by 1140?
1137
What is the remainder when 1075 is divided by 322?
109
What is the remainder when 25411 is divided by 1712?
1443
What is the remainder when 6778 is divided by 1680?
58
Calculate the remainder when 1058 is divided by 48.
2
Calculate the remainder when 11443 is divided by 10.
3
Calculate the remainder when 18730 is divided by 19.
15
Calculate the remainder when 1192167 is divided by 238432.
7
Calculate the remainder when 22088 is divided by 22083.
5
What is the remainder when 300 is divided by 100?
0
What is the remainder when 31848 is divided by 7?
5
Calculate the remainder when 34409 is divided by 298.
139
Calculate the remainder when 4252294 is divided by 85.
84
Calculate the remainder when 38113 is divided by 17.
16
What is the remainder when 20664 is divided by 264?
72
Calculate the remainder when 154541 is divided by 98.
93
Calculate the remainder when 10857 is divided by 59.
1
What is the remainder when 1144 is divided by 373?
25
What is the remainder when 10055 is divided by 2509?
19
What is the remainder when 88926 is divided by 7?
5
Calculate the remainder when 26680 is divided by 8866.
82
What is the remainder when 656 is divided by 175?
131
What is the remainder when 3490 is divided by 57?
13
Calculate the remainder when 2636 is divided by 97.
17
What is the remainder when 303703 is divided by 333?
7
What is the remainder when 772 is divided by 175?
72
Calculate the remainder when 9801 is divided by 4900.
1
Calculate the remainder when 23177 is divided by 190.
187
Calculate the remainder when 7979 is divided by 3987.
5
Calculate the remainder when 9188 is divided by 735.
368
Calculate the remainder when 5982 is d